t - 7. Let o be j(h). List the prime factors of (-5)/(((-12)/o)/(-2 - 0)).
5, 7
Let s be (-3)/2*2*(1 + -2). Let u be -68*s/(-6)*1. Suppose 2*v + 2*v = -4*o + 104, 5*o - u = -v. What are the prime factors of v?
2, 3
Let k be -3 - (-9 - -3 - -74). Let r = k + 95. What are the prime factors of r?
2, 3
Let o(y) = -y**3 + y**2 + 20. Let x(d) = d**3 + 9*d**2 + 9*d + 8. Let i be x(-8). Let n be o(i). Suppose 230 = 5*f + n. What are the prime factors of f?
2, 3, 7
Let u = 404 + -182. List the prime factors of -1*1*(-12)/(72/u).
37
Let i = -284 - -160. Suppose -344*h = -330*h + 3486. Let t = i - h. What are the prime factors of t?
5
What are the prime factors of 2/3*((-957315)/(-30) - 19)?
3, 19, 373
Let n(q) = -q + 8. Let i be n(8). Suppose -14*s + 8*s - 66 = i. Let o(d) = -d**3 - 9*d**2 + 9*d - 11. List the prime factors of o(s).
2, 3, 11
Let w(m) be the first derivative of m**4/4 - m**3/3 - m**2 - m + 26. Let z be w(2). What are the prime factors of (-158)/1*(z + 0)?
2, 79
Suppose -116*h - 199*h = -14077488 - 9145887. What are the prime factors of h?
3, 5, 983
Suppose -2*z = -3*v + 332, -3*z - 101 = -4*v + 343. Let c = v - -694. What are the prime factors of c?
2, 401
Let v = -3676 + 8303. List the prime factors of v.
7, 661
Let v = -16330 - -23785. What are the prime factors of v?
3, 5, 7, 71
Let y be (-3 + 309/(-9))*-6. Let m be (-10)/80 - -2062*1/(-16). Let u = m + y. List the prime factors of u.
5, 19
Let u(y) be the second derivative of 17*y**4/4 + y**3 + 63*y**2/2 + 4*y. What are the prime factors of u(-5)?
2, 3, 109
Let f(a) = 2*a**2 - 65*a + 17. Let w be f(24). List the prime factors of w/(-1 - (-5)/10).
2, 17, 23
Suppose 0 = -9*l + 80*l - 33*l - 1241764. List the prime factors of l.
2, 16339
Let a(y) = -y**3 + 4*y**2 + 3*y - 10. Let h be a(2). Suppose b + 3 = -0, -h*r + 2*b + 30 = 0. List the prime factors of r.
2, 3
Let o = -3790 + 5479. Let f = o - 849. List the prime factors of f.
2, 3, 5, 7
Suppose -4*t - 4946 = 13*f - 15*f, -3*t + 9826 = 4*f. List the prime factors of f.
23, 107
Let g = 16966 + -5534. What are the prime factors of g?
2, 1429
Let z(l) = -11*l + 8. Let x(t) = -10*t + 8. Suppose -y - 48 = 7*y. Let p(b) = y*x(b) + 5*z(b). What are the prime factors of p(9)?
37
Let w be (-1 - -3) + (7 - -81) - -3. Let c = 749 - w. List the prime factors of c.
2, 41
Let r = 3 - 8. Suppose -32 + 11 = 7*s. What are the prime factors of s/((-3 - r)/(-66))?
3, 11
Suppose 3 = w, -3*h - 6 = h - 2*w. Let s be 2 + h - 58/4*-10. Let t = -104 + s. What are the prime factors of t?
43
Let m(o) = -o**3 + 238. Let l be m(0). Let g be (-508)/(-3)*(-27)/36. Let h = l + g. What are the prime factors of h?
3, 37
Let c = -92 - -94. Let k be ((-929)/c)/(-1 - 1/(-2)). Suppose 0 = 3*t + 2*z - 701, -k = t - 5*t + 3*z. What are the prime factors of t?
233
List the prime factors of (14/(-3))/((-25)/68100).
2, 7, 227
Suppose -4*q = -4*t - 67712, -64*q - 3*t + 50802 = -61*q. List the prime factors of q.
16931
Suppose -81577 + 424637 = 34*c. What are the prime factors of c?
2, 5, 1009
Let n = -46487 - -69427. What are the prime factors of n?
2, 5, 31, 37
Let a(u) = 4*u + 32. Let k be a(-9). What are the prime factors of 12*(-5)/(-24 - k) - -847?
2, 5, 17
Let z(x) = -7*x**3 - x**2 - 3*x. Suppose 25 = 4*h - 9*h + y, 0 = 3*h + 2*y + 28. Let m be z(h). Suppose m - 129 = 13*f. List the prime factors of f.
3, 5, 7
Let o be 4 - (-4224)/(-7 - -11). Suppose 283*q + o = 288*q. List the prime factors of q.
2, 53
Suppose 3655 = 4*v + 3*w, -v - 2*v - 4*w = -2750. Let k = 1684 - v. List the prime factors of k.
2, 3, 43
Suppose 2*n - 36216 = -12*w + 9*w, -2*w - 54285 = -3*n. List the prime factors of n.
3, 2011
Suppose l - 3*s + 5 = 0, -5*l - 9 + 0 = s. Let q(r) = r**2 - 4*r - 7. Let i be q(l). Suppose -3*v + i*v - 160 = 0. List the prime factors of v.
2, 5
Let u be 6/11 - (-962)/11. List the prime factors of 4227/4 - 66/u.
2, 3, 11
Let v(t) = t**2 + 52*t - 3852. What are the prime factors of v(52)?
2, 389
Let p(r) be the first derivative of -r + 0*r**2 + 6 + 50/3*r**3. What are the prime factors of p(-1)?
7
Suppose -3*k + 17219 + 33832 = -0*k. List the prime factors of k.
7, 11, 13, 17
Suppose -176*h + 3*x - 7417 = -178*h, 4*h - 5*x - 14801 = 0. List the prime factors of h.
2, 463
Suppose -102*p - 3 = -103*p. Suppose 0*x - 3*h + 844 = 5*x, p*x = -5*h + 500. Suppose 5*d = 5*w + 825, 5*d - 2*w - x - 670 = 0. List the prime factors of d.
2, 5, 17
Let c be 8 + 0 + 1504/2. Let r = 1055 - c. What are the prime factors of r?
5, 59
Suppose 46890 = 2*q + 2*m, -5*q + 304*m - 299*m = -117295. What are the prime factors of q?
2, 11, 13, 41
Suppose 0*t + t = -d + 3935, 3*d + t - 11811 = 0. What are the prime factors of d?
2, 11, 179
Suppose 6 + 1 = -4*j + 5*o, -4*o = 2*j - 16. Let x = 16 - -93. What are the prime factors of (2/4*x)/(j/8)?
2, 109
Let n(t) = 186*t**2 - t + 6. List the prime factors of n(-4).
2, 1493
Suppose -81*u = -71*u - 500. Suppose 0 = 5*a - 4*a. Suppose 6*y = 2*x + y - u, a = 3*x + 3*y - 33. What are the prime factors of x?
3, 5
Let a be (-1)/(-3) + (-2)/(-3). Let o(q) = -210*q - 208. Let t be o(-1). List the prime factors of t + (a/(-4) - (-210)/8).
2, 7
List the prime factors of 70 + -71 + (-3088)/(-2).
1543
Let b(g) = 310*g**2 + 57*g + 295. List the prime factors of b(-8).
11, 1789
Suppose 13*h = 3883 + 15682 + 2483. List the prime factors of h.
2, 53
Let i(d) = 14*d**2 + 36*d - 71. Let s(n) = -6*n**2 - 18*n + 36. Let w(z) = 3*i(z) + 5*s(z). What are the prime factors of w(2)?
3, 17
What are the prime factors of ((-7685)/106)/(10/(-2008))?
2, 29, 251
Let r(y) = -4*y**2 + 15*y - 8. Let d be r(3). What are the prime factors of -5*d/(-5)*381?
3, 127
Suppose 40 = 32*x - 152. Let r(m) = 9*m**2 + 21*m - 4. List the prime factors of r(x).
2, 223
List the prime factors of (2624/336)/((-4)/18)*(4 + -921).
2, 3, 41, 131
Let x(o) = 384*o**3 + 389*o**3 - 772*o**3 - 2*o - 30 - 7*o + 16*o**2. List the prime factors of x(-13).
2, 3, 11
Let m be (6 - 0)/((-7)/5068*-4). Let p = m + -242. List the prime factors of p.
2, 211
Let u be 3/(-6)*1 - 2/(-4). Suppose u = -3*k, 5*j + 3*k + 29 = 4. What are the prime factors of 1 - 3 - (-58 - j)?
3, 17
Suppose 18*l - 169466 = 431648 + 66380. What are the prime factors of l?
3, 47, 263
Let t(z) = 7*z**2 - 2*z**3 + 10*z + z**3 + 1 + 4*z**2. Suppose 0 = 35*c + 330 - 680. List the prime factors of t(c).
3, 67
Let v = -113 + 142. Let z = 218 - v. List the prime factors of z.
3, 7
Let r be (-1 + (-1134)/(-24))*14*2. Suppose -r = -8*u + 585. List the prime factors of u.
5, 47
Suppose 0 = 5*b + 6*b - 4004. Let a be b/(-49) + 6 + (-6)/(-14). List the prime factors of -98*a/(-2)*-2.
2, 7
Suppose -4*w + i + i + 98 = 0, i = 1. Let n(s) = s**2 - 24*s - 32. Let r be n(w). List the prime factors of (r/3 - -2) + (-817)/(-3).
2, 17
List the prime factors of (-43 + 42)*(-3 - 877).
2, 5, 11
Suppose -2*l - 2*l + 2*i = -192, 5*i = 5*l - 250. Let q = l + 499. Suppose 5*r + q = 10*r. What are the prime factors of r?
109
Suppose 5*n = -2*z + 41880, 64 = -2*n + 52. List the prime factors of z.
3, 5, 11, 127
Let r(g) be the first derivative of -g**2/2 + 27*g + 9. Let i be r(15). Suppose -6*t + i*t = 48. List the prime factors of t.
2
Let t = -4520 - -12527. Suppose 34*i = 17*i + t. What are the prime factors of i?
3, 157
Suppose -4*a + 71 = 2*g + 1131, -5*g = 5*a + 1320. Let l = 211 - a. What are the prime factors of l?
3, 53
Suppose 237*o - 461*o + 229*o - 323675 = 0. What are the prime factors of o?
5, 11, 107
What are the prime factors of (12/(-9))/((-44)/1926771)?
7, 19, 439
Let u be -2 - 12*(-54)/(-24). Let o = 13 - u. List the prime factors of o.
2, 3, 7
Let m = -47372 + 79533. List the prime factors of m.
29, 1109
Suppose 0 - 15 = -3*j. Suppose -5*a - 1859 = -4*g, -j*g + 1842 + 533 = 4*a. List the prime factors of g.
3, 157
Let z = -1240 - -3676. Suppose -61*t = -67*t + z. What are the prime factors of t?
2, 7, 29
Let w(f) = f**2 + 91*f - 423. What are the prime factors of w(145)?
33797
Suppose 455 = 4*g + 23. Let w = g - -226. What are the prime factors of w?
2, 167
Suppose -11494 = 8*s - 76022. What are the prime factors of s?
2, 37, 109
Suppose 0 = 3*m + 3*q + 26 - 2, -m - 2 = -q. Let u be 338/3 + ((-25)/15)/m. Let h = u + -17. List the prime factors of h.
2, 3